{"id":1783,"date":"2015-10-14T22:25:34","date_gmt":"2015-10-14T22:25:34","guid":{"rendered":"http:\/\/www.cexa.com.co\/?page_id=1783"},"modified":"2015-10-14T22:25:34","modified_gmt":"2015-10-14T22:25:34","slug":"servicios","status":"publish","type":"page","link":"https:\/\/www.cexa.com.co\/?page_id=1783","title":{"rendered":"Servicios"},"content":{"rendered":"<h3>El conocimiento del sector, la metodolog\u00eda espec\u00edfica, la tecnolog\u00eda propia y la experiencia de las personas son los pilares en los que se sustentan las soluciones de outsourcing de procesos de negocios.<\/h3>\n<p>El Grupo Inassa ofrece un modelo innovador, bas\u00e1ndose en la aportaci\u00f3n de valor al cliente y comprometi\u00e9ndose en la consecuci\u00f3n de los objetivos de negocio del cliente.<\/p>\n<p>Consultor\u00eda, soluciones y outsourcing de procesos, todo integrado en un modelo de colaboraci\u00f3n con nuestros clientes.<\/p>\n<p>La gesti\u00f3n comercial del Grupo Empresarial Inassa, est\u00e1 orientada a la b\u00fasqueda de elevados niveles de satisfacci\u00f3n en sus clientes.<\/p>\n<p>Para ello, dise\u00f1a, implementa y controla, estrategias de comercializaci\u00f3n, facturaci\u00f3n, gesti\u00f3n de recaudo y atenci\u00f3n de clientes, bas\u00e1ndose en lineamientos comunes, que garanticen el logro de los objetivos definidos por el Grupo Empresarial, con efectividad, visi\u00f3n e inteligencia.<\/p>\n<p><img fetchpriority=\"high\" decoding=\"async\" src=\"http:\/\/www.cexa.com.co\/wp-content\/uploads\/2015\/05\/gestion-comercial-2.png\" alt=\"gestion-comercial\" width=\"690\" height=\"422\" class=\"aligncenter size-full wp-image-59\" \/><\/p>\n","protected":false},"excerpt":{"rendered":"<p>El conocimiento del sector, la metodolog\u00eda espec\u00edfica, la tecnolog\u00eda propia y la experiencia de las personas son los pilares en los que se sustentan las soluciones de outsourcing de procesos de negocios. El Grupo Inassa ofrece un modelo innovador, bas\u00e1ndose en la aportaci\u00f3n de valor al cliente y comprometi\u00e9ndose en la consecuci\u00f3n de los objetivos [&hellip;]<\/p>\n","protected":false},"author":1,"featured_media":0,"parent":0,"menu_order":0,"comment_status":"closed","ping_status":"closed","template":"","meta":{"site-sidebar-layout":"default","site-content-layout":"","ast-site-content-layout":"","site-content-style":"default","site-sidebar-style":"default","ast-global-header-display":"","ast-banner-title-visibility":"","ast-main-header-display":"","ast-hfb-above-header-display":"","ast-hfb-below-header-display":"","ast-hfb-mobile-header-display":"","site-post-title":"","ast-breadcrumbs-content":"","ast-featured-img":"","footer-sml-layout":"","theme-transparent-header-meta":"","adv-header-id-meta":"","stick-header-meta":"","header-above-stick-meta":"","header-main-stick-meta":"","header-below-stick-meta":"","astra-migrate-meta-layouts":"default","ast-page-background-enabled":"default","ast-page-background-meta":{"desktop":{"background-color":"var(--ast-global-color-4)","background-image":"","background-repeat":"repeat","background-position":"center center","background-size":"auto","background-attachment":"scroll","background-type":"","background-media":"","overlay-type":"","overlay-color":"","overlay-opacity":"","overlay-gradient":""},"tablet":{"background-color":"","background-image":"","background-repeat":"repeat","background-position":"center center","background-size":"auto","background-attachment":"scroll","background-type":"","background-media":"","overlay-type":"","overlay-color":"","overlay-opacity":"","overlay-gradient":""},"mobile":{"background-color":"","background-image":"","background-repeat":"repeat","background-position":"center center","background-size":"auto","background-attachment":"scroll","background-type":"","background-media":"","overlay-type":"","overlay-color":"","overlay-opacity":"","overlay-gradient":""}},"ast-content-background-meta":{"desktop":{"background-color":"var(--ast-global-color-5)","background-image":"","background-repeat":"repeat","background-position":"center center","background-size":"auto","background-attachment":"scroll","background-type":"","background-media":"","overlay-type":"","overlay-color":"","overlay-opacity":"","overlay-gradient":""},"tablet":{"background-color":"var(--ast-global-color-5)","background-image":"","background-repeat":"repeat","background-position":"center center","background-size":"auto","background-attachment":"scroll","background-type":"","background-media":"","overlay-type":"","overlay-color":"","overlay-opacity":"","overlay-gradient":""},"mobile":{"background-color":"var(--ast-global-color-5)","background-image":"","background-repeat":"repeat","background-position":"center center","background-size":"auto","background-attachment":"scroll","background-type":"","background-media":"","overlay-type":"","overlay-color":"","overlay-opacity":"","overlay-gradient":""}},"footnotes":""},"class_list":["post-1783","page","type-page","status-publish","hentry"],"_links":{"self":[{"href":"https:\/\/www.cexa.com.co\/index.php?rest_route=\/wp\/v2\/pages\/1783","targetHints":{"allow":["GET"]}}],"collection":[{"href":"https:\/\/www.cexa.com.co\/index.php?rest_route=\/wp\/v2\/pages"}],"about":[{"href":"https:\/\/www.cexa.com.co\/index.php?rest_route=\/wp\/v2\/types\/page"}],"author":[{"embeddable":true,"href":"https:\/\/www.cexa.com.co\/index.php?rest_route=\/wp\/v2\/users\/1"}],"replies":[{"embeddable":true,"href":"https:\/\/www.cexa.com.co\/index.php?rest_route=%2Fwp%2Fv2%2Fcomments&post=1783"}],"version-history":[{"count":1,"href":"https:\/\/www.cexa.com.co\/index.php?rest_route=\/wp\/v2\/pages\/1783\/revisions"}],"predecessor-version":[{"id":1784,"href":"https:\/\/www.cexa.com.co\/index.php?rest_route=\/wp\/v2\/pages\/1783\/revisions\/1784"}],"wp:attachment":[{"href":"https:\/\/www.cexa.com.co\/index.php?rest_route=%2Fwp%2Fv2%2Fmedia&parent=1783"}],"curies":[{"name":"wp","href":"https:\/\/api.w.org\/{rel}","templated":true}]}}