{"id":2176,"date":"2019-03-11T16:08:31","date_gmt":"2019-03-11T16:08:31","guid":{"rendered":"http:\/\/www.cexa.com.co\/?page_id=2176"},"modified":"2019-03-11T16:08:31","modified_gmt":"2019-03-11T16:08:31","slug":"informacion-institucional","status":"publish","type":"page","link":"https:\/\/www.cexa.com.co\/?page_id=2176","title":{"rendered":"Informaci\u00f3n Institucional"},"content":{"rendered":"<p style=\"text-align: justify;\">Aguas de Tumbes S.A. \u2013 (Atusa) es una sociedad an\u00f3nima constituida y existente de conformidad con las leyes de la Rep\u00fablica del Per\u00fa y domiciliada en Tumbes, Per\u00fa. Hasta el a\u00f1o 2018, la empresa gestionaba los servicios de acueducto y alcantarillado de la regi\u00f3n de Tumbes en Per\u00fa, en virtud del Contrato de Concesi\u00f3n con las Municipalidades Provinciales de Tumbes, Zarumilla y Contralmirante Villar. A partir del 06 de noviembre de 2018 se decret\u00f3 la caducidad del Contrato de Concesi\u00f3n de manera unilateral por parte del concedente, por lo cual, a partir del 14 de noviembre del mismo a\u00f1o se inici\u00f3 el proceso de liquidaci\u00f3n y disoluci\u00f3n de Atusa, acordado por la Asamblea de Accionistas de la Sociedad, el cual qued\u00f3 a cargo de la empresa liquidadora CFC Consultor\u00eda. El d\u00eda 30 de noviembre del 2018, se realiza la entrega de los servicios de acueducto y alcantarillado al nuevo operador designado por el concedente.<\/p>\n<p style=\"text-align: justify;\">Actualmente, la empresa liquidadora se mantiene en el proceso de liquidaci\u00f3n de Atusa, principalmente asumiendo el pago de liquidaci\u00f3n de empleados.<\/p>\n","protected":false},"excerpt":{"rendered":"<p>Aguas de Tumbes S.A. \u2013 (Atusa) es una sociedad an\u00f3nima constituida y existente de conformidad con las leyes de la Rep\u00fablica del Per\u00fa y domiciliada en Tumbes, Per\u00fa. Hasta el a\u00f1o 2018, la empresa gestionaba los servicios de acueducto y alcantarillado de la regi\u00f3n de Tumbes en Per\u00fa, en virtud del Contrato de Concesi\u00f3n con [&hellip;]<\/p>\n","protected":false},"author":6,"featured_media":0,"parent":2136,"menu_order":0,"comment_status":"closed","ping_status":"closed","template":"","meta":{"site-sidebar-layout":"default","site-content-layout":"","ast-site-content-layout":"","site-content-style":"default","site-sidebar-style":"default","ast-global-header-display":"","ast-banner-title-visibility":"","ast-main-header-display":"","ast-hfb-above-header-display":"","ast-hfb-below-header-display":"","ast-hfb-mobile-header-display":"","site-post-title":"","ast-breadcrumbs-content":"","ast-featured-img":"","footer-sml-layout":"","theme-transparent-header-meta":"","adv-header-id-meta":"","stick-header-meta":"","header-above-stick-meta":"","header-main-stick-meta":"","header-below-stick-meta":"","astra-migrate-meta-layouts":"default","ast-page-background-enabled":"default","ast-page-background-meta":{"desktop":{"background-color":"var(--ast-global-color-4)","background-image":"","background-repeat":"repeat","background-position":"center center","background-size":"auto","background-attachment":"scroll","background-type":"","background-media":"","overlay-type":"","overlay-color":"","overlay-opacity":"","overlay-gradient":""},"tablet":{"background-color":"","background-image":"","background-repeat":"repeat","background-position":"center center","background-size":"auto","background-attachment":"scroll","background-type":"","background-media":"","overlay-type":"","overlay-color":"","overlay-opacity":"","overlay-gradient":""},"mobile":{"background-color":"","background-image":"","background-repeat":"repeat","background-position":"center center","background-size":"auto","background-attachment":"scroll","background-type":"","background-media":"","overlay-type":"","overlay-color":"","overlay-opacity":"","overlay-gradient":""}},"ast-content-background-meta":{"desktop":{"background-color":"var(--ast-global-color-5)","background-image":"","background-repeat":"repeat","background-position":"center center","background-size":"auto","background-attachment":"scroll","background-type":"","background-media":"","overlay-type":"","overlay-color":"","overlay-opacity":"","overlay-gradient":""},"tablet":{"background-color":"var(--ast-global-color-5)","background-image":"","background-repeat":"repeat","background-position":"center center","background-size":"auto","background-attachment":"scroll","background-type":"","background-media":"","overlay-type":"","overlay-color":"","overlay-opacity":"","overlay-gradient":""},"mobile":{"background-color":"var(--ast-global-color-5)","background-image":"","background-repeat":"repeat","background-position":"center center","background-size":"auto","background-attachment":"scroll","background-type":"","background-media":"","overlay-type":"","overlay-color":"","overlay-opacity":"","overlay-gradient":""}},"footnotes":""},"class_list":["post-2176","page","type-page","status-publish","hentry"],"_links":{"self":[{"href":"https:\/\/www.cexa.com.co\/index.php?rest_route=\/wp\/v2\/pages\/2176","targetHints":{"allow":["GET"]}}],"collection":[{"href":"https:\/\/www.cexa.com.co\/index.php?rest_route=\/wp\/v2\/pages"}],"about":[{"href":"https:\/\/www.cexa.com.co\/index.php?rest_route=\/wp\/v2\/types\/page"}],"author":[{"embeddable":true,"href":"https:\/\/www.cexa.com.co\/index.php?rest_route=\/wp\/v2\/users\/6"}],"replies":[{"embeddable":true,"href":"https:\/\/www.cexa.com.co\/index.php?rest_route=%2Fwp%2Fv2%2Fcomments&post=2176"}],"version-history":[{"count":1,"href":"https:\/\/www.cexa.com.co\/index.php?rest_route=\/wp\/v2\/pages\/2176\/revisions"}],"predecessor-version":[{"id":2177,"href":"https:\/\/www.cexa.com.co\/index.php?rest_route=\/wp\/v2\/pages\/2176\/revisions\/2177"}],"up":[{"embeddable":true,"href":"https:\/\/www.cexa.com.co\/index.php?rest_route=\/wp\/v2\/pages\/2136"}],"wp:attachment":[{"href":"https:\/\/www.cexa.com.co\/index.php?rest_route=%2Fwp%2Fv2%2Fmedia&parent=2176"}],"curies":[{"name":"wp","href":"https:\/\/api.w.org\/{rel}","templated":true}]}}