{"id":871,"date":"2015-05-06T19:18:23","date_gmt":"2015-05-06T19:18:23","guid":{"rendered":"http:\/\/www.cexa.com.co\/?page_id=871"},"modified":"2020-08-20T22:59:14","modified_gmt":"2020-08-20T22:59:14","slug":"amerika-tecnologias-de-la-informacion-s-a-s","status":"publish","type":"page","link":"https:\/\/www.cexa.com.co\/?page_id=871","title":{"rendered":"Amerika Tecnolog\u00eda y Servicios S.A.S."},"content":{"rendered":"<h1><a href=\"http:\/\/www.amerikatis.co\/\"><img fetchpriority=\"high\" decoding=\"async\" class=\"alignnone wp-image-2299\" src=\"https:\/\/www.cexa.com.co\/wp-content\/uploads\/2020\/08\/amerika-tec-1-300x120.png\" alt=\"\" width=\"398\" height=\"159\" srcset=\"https:\/\/www.cexa.com.co\/wp-content\/uploads\/2020\/08\/amerika-tec-1-300x120.png 300w, https:\/\/www.cexa.com.co\/wp-content\/uploads\/2020\/08\/amerika-tec-1.png 638w\" sizes=\"(max-width: 398px) 100vw, 398px\" \/><\/a><\/h1>\n<h1 style=\"text-align: left;\">Soluci\u00f3n Integral para Empresas de Servicios P\u00fablicos<\/h1>\n<p style=\"text-align: left;\">Amerika Tecnolog\u00eda y Servicios S.A.S. es una compa\u00f1\u00eda especializada en la implementaci\u00f3n de soluciones tecnol\u00f3gicas para el sector de servicios p\u00fablicos, ofreciendo alternativas inform\u00e1ticas integrales e innovadoras con altos est\u00e1ndares de calidad, certificada por el ICONTEC (ISO 9001:2015) y CMMI Institute (CMMI DEV\/3). Proveemos soluciones de servicios complementarios de f\u00e1brica de software, outsourcing tecnol\u00f3gico, consultor\u00eda especializada, virtualizaci\u00f3n, sistemas operativos, bases de datos<\/p>\n<div class=\"oIy2qc\" style=\"text-align: left;\" data-message-text=\"\u2022 Software Amerika: Es una soluci\u00f3n integral para empresas de servicios p\u00fablicos, bajo dos modelos de negocio: SaaS (Software como Servicio) y On premise (instalaci\u00f3n en sitio). Nuestro software Amerika que facilita la administraci\u00f3n y gesti\u00f3n de los procesos comerciales, t\u00e9cnicos, administrativos y contables en las empresas. El aplicativo opera en 6 pa\u00edses Latinoamericanos con m\u00e1s de 1.300.000 suscriptores gestionados Est\u00e1 conformado por los siguientes m\u00f3dulos: o M\u00f3dulo Comercial o M\u00f3dulo T\u00e9\">Software Amerika: Es una soluci\u00f3n integral para empresas de servicios p\u00fablicos, bajo dos modelos de negocio: SaaS (Software como Servicio) y On premise (instalaci\u00f3n en sitio). Nuestro software Amerika que facilita la administraci\u00f3n y gesti\u00f3n de los procesos comerciales, t\u00e9cnicos, administrativos y contables en las empresas. El aplicativo opera en 6 pa\u00edses Latinoamericanos con m\u00e1s de 1.300.000 suscriptores gestionados Est\u00e1 conformado por los siguientes m\u00f3dulos:<\/div>\n<ul style=\"text-align: left;\">\n<li class=\"oIy2qc\" data-message-text=\"o M\u00f3dulo Comercial o M\u00f3dulo T\u00e9cnico o M\u00f3dulo Administrativo Contable o M\u00f3dulo de Facturaci\u00f3n Electr\u00f3nica o M\u00f3dulo de Movilidad en Campo (Lectura, Corte, Reconexi\u00f3n, Ordenes de Trabajo) o App para clientes (Consulta y pago de facturas) o M\u00f3dulo de indicadores gerenciales o Portal Transaccional \">M\u00f3dulo Comercial<\/li>\n<li class=\"oIy2qc\" data-message-text=\"o M\u00f3dulo Comercial o M\u00f3dulo T\u00e9cnico o M\u00f3dulo Administrativo Contable o M\u00f3dulo de Facturaci\u00f3n Electr\u00f3nica o M\u00f3dulo de Movilidad en Campo (Lectura, Corte, Reconexi\u00f3n, Ordenes de Trabajo) o App para clientes (Consulta y pago de facturas) o M\u00f3dulo de indicadores gerenciales o Portal Transaccional \">M\u00f3dulo T\u00e9cnico<\/li>\n<li class=\"oIy2qc\" data-message-text=\"o M\u00f3dulo Comercial o M\u00f3dulo T\u00e9cnico o M\u00f3dulo Administrativo Contable o M\u00f3dulo de Facturaci\u00f3n Electr\u00f3nica o M\u00f3dulo de Movilidad en Campo (Lectura, Corte, Reconexi\u00f3n, Ordenes de Trabajo) o App para clientes (Consulta y pago de facturas) o M\u00f3dulo de indicadores gerenciales o Portal Transaccional \">M\u00f3dulo Administrativo Contable<\/li>\n<li class=\"oIy2qc\" data-message-text=\"o M\u00f3dulo Comercial o M\u00f3dulo T\u00e9cnico o M\u00f3dulo Administrativo Contable o M\u00f3dulo de Facturaci\u00f3n Electr\u00f3nica o M\u00f3dulo de Movilidad en Campo (Lectura, Corte, Reconexi\u00f3n, Ordenes de Trabajo) o App para clientes (Consulta y pago de facturas) o M\u00f3dulo de indicadores gerenciales o Portal Transaccional \">M\u00f3dulo de Facturaci\u00f3n Electr\u00f3nica<\/li>\n<li class=\"oIy2qc\" data-message-text=\"o M\u00f3dulo Comercial o M\u00f3dulo T\u00e9cnico o M\u00f3dulo Administrativo Contable o M\u00f3dulo de Facturaci\u00f3n Electr\u00f3nica o M\u00f3dulo de Movilidad en Campo (Lectura, Corte, Reconexi\u00f3n, Ordenes de Trabajo) o App para clientes (Consulta y pago de facturas) o M\u00f3dulo de indicadores gerenciales o Portal Transaccional \">M\u00f3dulo de Movilidad en Campo (Lectura, Corte, Reconexi\u00f3n, Ordenes de Trabajo)<\/li>\n<li class=\"oIy2qc\" data-message-text=\"o M\u00f3dulo Comercial o M\u00f3dulo T\u00e9cnico o M\u00f3dulo Administrativo Contable o M\u00f3dulo de Facturaci\u00f3n Electr\u00f3nica o M\u00f3dulo de Movilidad en Campo (Lectura, Corte, Reconexi\u00f3n, Ordenes de Trabajo) o App para clientes (Consulta y pago de facturas) o M\u00f3dulo de indicadores gerenciales o Portal Transaccional \">App para clientes (Consulta y pago de facturas)<\/li>\n<li class=\"oIy2qc\" data-message-text=\"o M\u00f3dulo Comercial o M\u00f3dulo T\u00e9cnico o M\u00f3dulo Administrativo Contable o M\u00f3dulo de Facturaci\u00f3n Electr\u00f3nica o M\u00f3dulo de Movilidad en Campo (Lectura, Corte, Reconexi\u00f3n, Ordenes de Trabajo) o App para clientes (Consulta y pago de facturas) o M\u00f3dulo de indicadores gerenciales o Portal Transaccional \">M\u00f3dulo de indicadores gerenciales o Portal Transaccional<\/li>\n<\/ul>\n<hr \/>\n<p><a href=\"http:\/\/www.amerikatis.co\/\" target=\"_blank\" rel=\"noopener\">http:\/\/www.amerikatis.co\/<\/a><\/p>\n","protected":false},"excerpt":{"rendered":"<p>Soluci\u00f3n Integral para Empresas de Servicios P\u00fablicos Amerika Tecnolog\u00eda y Servicios S.A.S. es una compa\u00f1\u00eda especializada en la implementaci\u00f3n de soluciones tecnol\u00f3gicas para el sector de servicios p\u00fablicos, ofreciendo alternativas inform\u00e1ticas integrales e innovadoras con altos est\u00e1ndares de calidad, certificada por el ICONTEC (ISO 9001:2015) y CMMI Institute (CMMI DEV\/3). Proveemos soluciones de servicios complementarios [&hellip;]<\/p>\n","protected":false},"author":1,"featured_media":0,"parent":425,"menu_order":0,"comment_status":"closed","ping_status":"closed","template":"","meta":{"site-sidebar-layout":"default","site-content-layout":"","ast-site-content-layout":"","site-content-style":"default","site-sidebar-style":"default","ast-global-header-display":"","ast-banner-title-visibility":"","ast-main-header-display":"","ast-hfb-above-header-display":"","ast-hfb-below-header-display":"","ast-hfb-mobile-header-display":"","site-post-title":"","ast-breadcrumbs-content":"","ast-featured-img":"","footer-sml-layout":"","theme-transparent-header-meta":"","adv-header-id-meta":"","stick-header-meta":"","header-above-stick-meta":"","header-main-stick-meta":"","header-below-stick-meta":"","astra-migrate-meta-layouts":"default","ast-page-background-enabled":"default","ast-page-background-meta":{"desktop":{"background-color":"var(--ast-global-color-4)","background-image":"","background-repeat":"repeat","background-position":"center center","background-size":"auto","background-attachment":"scroll","background-type":"","background-media":"","overlay-type":"","overlay-color":"","overlay-opacity":"","overlay-gradient":""},"tablet":{"background-color":"","background-image":"","background-repeat":"repeat","background-position":"center center","background-size":"auto","background-attachment":"scroll","background-type":"","background-media":"","overlay-type":"","overlay-color":"","overlay-opacity":"","overlay-gradient":""},"mobile":{"background-color":"","background-image":"","background-repeat":"repeat","background-position":"center center","background-size":"auto","background-attachment":"scroll","background-type":"","background-media":"","overlay-type":"","overlay-color":"","overlay-opacity":"","overlay-gradient":""}},"ast-content-background-meta":{"desktop":{"background-color":"var(--ast-global-color-5)","background-image":"","background-repeat":"repeat","background-position":"center center","background-size":"auto","background-attachment":"scroll","background-type":"","background-media":"","overlay-type":"","overlay-color":"","overlay-opacity":"","overlay-gradient":""},"tablet":{"background-color":"var(--ast-global-color-5)","background-image":"","background-repeat":"repeat","background-position":"center center","background-size":"auto","background-attachment":"scroll","background-type":"","background-media":"","overlay-type":"","overlay-color":"","overlay-opacity":"","overlay-gradient":""},"mobile":{"background-color":"var(--ast-global-color-5)","background-image":"","background-repeat":"repeat","background-position":"center center","background-size":"auto","background-attachment":"scroll","background-type":"","background-media":"","overlay-type":"","overlay-color":"","overlay-opacity":"","overlay-gradient":""}},"footnotes":""},"class_list":["post-871","page","type-page","status-publish","hentry"],"_links":{"self":[{"href":"https:\/\/www.cexa.com.co\/index.php?rest_route=\/wp\/v2\/pages\/871","targetHints":{"allow":["GET"]}}],"collection":[{"href":"https:\/\/www.cexa.com.co\/index.php?rest_route=\/wp\/v2\/pages"}],"about":[{"href":"https:\/\/www.cexa.com.co\/index.php?rest_route=\/wp\/v2\/types\/page"}],"author":[{"embeddable":true,"href":"https:\/\/www.cexa.com.co\/index.php?rest_route=\/wp\/v2\/users\/1"}],"replies":[{"embeddable":true,"href":"https:\/\/www.cexa.com.co\/index.php?rest_route=%2Fwp%2Fv2%2Fcomments&post=871"}],"version-history":[{"count":19,"href":"https:\/\/www.cexa.com.co\/index.php?rest_route=\/wp\/v2\/pages\/871\/revisions"}],"predecessor-version":[{"id":2297,"href":"https:\/\/www.cexa.com.co\/index.php?rest_route=\/wp\/v2\/pages\/871\/revisions\/2297"}],"up":[{"embeddable":true,"href":"https:\/\/www.cexa.com.co\/index.php?rest_route=\/wp\/v2\/pages\/425"}],"wp:attachment":[{"href":"https:\/\/www.cexa.com.co\/index.php?rest_route=%2Fwp%2Fv2%2Fmedia&parent=871"}],"curies":[{"name":"wp","href":"https:\/\/api.w.org\/{rel}","templated":true}]}}